t of 753265?
5
What is the thousands digit of 1767498?
7
What is the hundred thousands digit of 987917?
9
What is the hundreds digit of 2251124?
1
What is the ten millions digit of 11807902?
1
What is the ten thousands digit of 138732?
3
What is the thousands digit of 192242?
2
What is the millions digit of 11747356?
1
What is the hundreds digit of 14833042?
0
What is the ten thousands digit of 279746?
7
What is the tens digit of 238872?
7
What is the units digit of 1751279?
9
What is the tens digit of 13683?
8
What is the units digit of 388424?
4
What is the ten thousands digit of 326451?
2
What is the millions digit of 2340030?
2
What is the units digit of 427928?
8
What is the hundreds digit of 124861?
8
What is the millions digit of 3093645?
3
What is the units digit of 7399434?
4
What is the units digit of 10019425?
5
What is the units digit of 350028?
8
What is the ten thousands digit of 24655619?
5
What is the hundreds digit of 592024?
0
What is the units digit of 196581?
1
What is the thousands digit of 2634076?
4
What is the hundred thousands digit of 528316?
5
What is the thousands digit of 1848615?
8
What is the ten thousands digit of 10648548?
4
What is the units digit of 1885320?
0
What is the ten thousands digit of 192902?
9
What is the thousands digit of 143581?
3
What is the tens digit of 15991523?
2
What is the ten thousands digit of 305731?
0
What is the units digit of 943371?
1
What is the hundreds digit of 601314?
3
What is the hundred thousands digit of 255746?
2
What is the hundreds digit of 20471356?
3
What is the ten thousands digit of 704575?
0
What is the tens digit of 961292?
9
What is the tens digit of 4708580?
8
What is the units digit of 264491?
1
What is the tens digit of 227824?
2
What is the millions digit of 18382045?
8
What is the ten thousands digit of 413120?
1
What is the millions digit of 3862768?
3
What is the hundreds digit of 127270?
2
What is the thousands digit of 19942354?
2
What is the thousands digit of 157043?
7
What is the hundreds digit of 9016778?
7
What is the tens digit of 21946?
4
What is the ten thousands digit of 458746?
5
What is the thousands digit of 250908?
0
What is the ten thousands digit of 1412799?
1
What is the hundred thousands digit of 1260264?
2
What is the thousands digit of 622577?
2
What is the tens digit of 7205168?
6
What is the hundreds digit of 153917?
9
What is the thousands digit of 286081?
6
What is the tens digit of 398858?
5
What is the hundred thousands digit of 270001?
2
What is the millions digit of 19837086?
9
What is the millions digit of 11481647?
1
What is the ten thousands digit of 492007?
9
What is the units digit of 582505?
5
What is the units digit of 2425198?
8
What is the millions digit of 1403755?
1
What is the units digit of 12386120?
0
What is the tens digit of 57247?
4
What is the tens digit of 471056?
5
What is the hundreds digit of 5962611?
6
What is the tens digit of 5999623?
2
What is the tens digit of 5179731?
3
What is the hundreds digit of 922783?
7
What is the millions digit of 22662353?
2
What is the ten thousands digit of 109050?
0
What is the tens digit of 45846?
4
What is the tens digit of 9083356?
5
What is the ten millions digit of 32546835?
3
What is the hundred thousands digit of 20181082?
1
What is the ten millions digit of 13418269?
1
What is the hundreds digit of 1217390?
3
What is the hundreds digit of 149501?
5
What is the hundreds digit of 74620?
6
What is the ten thousands digit of 1164293?
6
What is the units digit of 604784?
4
What is the ten millions digit of 18969233?
1
What is the ten thousands digit of 8177205?
7
What is the tens digit of 7853634?
3
What is the ten thousands digit of 3384823?
8
What is the ten thousands digit of 3521761?
2
What is the hundreds digit of 49506?
5
What is the thousands digit of 158103?
8
What is the hundreds digit of 159696?
6
What is the hundreds digit of 2165352?
3
What is the units digit of 3858?
8
What is the units digit of 9871316?
6
What is the units digit of 474363?
3
What is the ten thousands digit of 33483231?
8
What is the millions digit of 19117027?
9
What is the thousands digit of 68387?
8
What is the ten thousands digit of 2613530?
1
What is the tens digit of 7047848?
4
What is the millions digit of 4472847?
4
What is the tens digit of 9233240?
4
What is the units digit of 305794?
4
What is the ten thousands digit of 6733181?
3
What is the thousands digit of 1022760?
2
What is the thousands digit of 757846?
7
What is the hundred thousands digit of 1484257?
4
What is the units digit of 650370?
0
What is the units digit of 1007372?
2
What is the tens digit of 2560575?
7
What is the ten thousands digit of 28857?
2
What is the tens digit of 26038104?
0
What is the tens digit of 5609107?
0
What is the thousands digit of 193887?
3
What is the hundreds digit of 3281491?
4
What is the tens digit of 1184881?
8
What is the hundred thousands digit of 4117043?
1
What is the ten thousands digit of 257394?
5
What is the units digit of 621691?
1
What is the millions digit of 17822254?
7
What is the thousands digit of 142866?
2
What is the hundred thousands digit of 612812?
6
What is the millions digit of 6338481?
6
What is the units digit of 857800?
0
What is the units digit of 6300024?
4
What is the units digit of 181984?
4
What is the thousands digit of 1243621?
3
What is the thousands digit of 3276263?
6
What is the tens digit of 19322?
2
What is the thousands digit of 4434855?
4
What is the thousands digit of 4655778?
5
What is the units digit of 280418?
8
What is the units digit of 3187960?
0
What is the tens digit of 1021060?
6
What is the thousands digit of 7989?
7
What is the hundred thousands digit of 147299?
1
What is the ten thousands digit of 1173179?
7
What is the tens digit of 1873632?
3
What is the hundred thousands digit of 182166?
1
What is the units digit of 1008763?
3
What is the hundreds digit of 8123656?
6
What is the units digit of 755930?
0
What is the hundred thousands digit of 11735494?
7
What is the ten thousands digit of 281936?
8
What is the hundreds digit of 389460?
4
What is the millions digit of 16546564?
6
What is the units digit of 719836?
6
What is the units digit of 1418312?
2
What is the units digit of 1864734?
4
What is the hundreds digit of 143844?
8
What is the tens digit of 326288?
8
What is the tens digit of 97878?
7
What is the hundreds digit of 30767784?
7
What is the millions digit of 6501830?
6
What is the ten thousands digit of 30814664?
1
What is the hundred thousands digit of 19608803?
6
What is the ten thousands digit of 6907678?
0
What is the hundred thousands digit of 27746524?
7
What is the tens digit of 1051571?
7
What is the tens digit of 22158?
5
What is the tens digit of 609072?
7
What is the ten thousands digit of 2660763?
6
What is the tens digit of 1310085?
8
What is the millions digit of 23605312?
3
What is the units digit of 46602?
2
What is the tens digit of 277342?
4
What is the thousands digit of 9409?
9
What is the thousands digit of 65999?
5
What is the thousands digit of 25145077?
5
What is the tens digit of 9344227?
2
What is the ten thousands digit of 1481718?
8
What is the tens digit of 256292?
9
What is the millions digit of 5700025?
5
What is the hundreds digit of 20624264?
2
What is the tens digit of 4591714?
1
What is the thousands digit of 1255276?
5
What is the millions digit of 12697293?
2
What is the millions digit of 9289052?
9
What is the units digit of 399477?
7
What is the units digit of 1876179?
9
What is the ten millions digit of 16865949?
1
What is the hundred thousands digit of 338287?
3
What is the hundred thousands digit of 14895328?
8
What is the hundred thousands digit of 707318?
7
What is the ten thousands digit of 2597466?
9
What is the hundreds digit of 415824?
8
What is the hundred thousands digit of 335002?
3
What is the units digit of 221384?
4
What is the tens digit of 194356?
5
What is the hundred thousands digit of 24333608?
3
What is the units digit of 4671362?
2
What is the hundreds digit of 1482322?
3
What is the units digit of 5808686?
6
What is the millions digit of 2012121?
2
What is the tens digit of 989872?
7
What is the hundreds digit of 4860277?
2
What is the thousands digit of 5